 divisor of k and 90?
18
Let b(g) = 26*g**2 - 11*g + 5. Let n be b(-4). Suppose -93 = -4*p - 33. What is the greatest common divisor of p and n?
15
Let g be 20/(-30) + 86/3. Suppose 5*c - n - g = 2*n, 52 = 5*c + 3*n. Suppose -c*a + 100 = -6*a. What is the highest common divisor of a and 75?
25
Let m(a) = -a**3 + 8*a**2 + 5*a - 24. Let q be m(8). Let z be 63/(-168) + 4646/q. What is the greatest common divisor of 174 and z?
58
Let u be (-4)/22 + 937/11. Let h = u + -72. What is the greatest common factor of 39 and h?
13
Suppose -83*x - 3380 = -174*x + 89*x. Calculate the greatest common divisor of 416 and x.
26
Let r = -11 - -21. Let w(c) = 5*c**2 + 1. Let v be w(-1). Suppose 2*u + 16 = v*u. What is the highest common factor of u and r?
2
Let n = 130 - 120. Suppose -g + 2*j = -4, 5*g - 6*j - n = -j. Suppose 59*y - 64*y + 70 = g. What is the highest common divisor of y and 238?
14
Suppose -q = -f + 16 - 3, -5*q + 115 = 5*f. Suppose 3*i - h - 2 = 0, 0 = -13*i + f*i + h - 14. Calculate the highest common factor of i and 29.
1
Suppose 6*g + 270 = 24*g. Let z(x) = -x**3 + 16*x**2 - 14*x - 8. Let c be z(g). Calculate the highest common factor of c and 28.
7
Let b(x) = x**2 - 88*x - 2077. Let m be b(-20). Calculate the highest common factor of 2 and m.
1
Suppose -214*w + 197 = -362 - 939. Calculate the greatest common factor of 3731 and w.
7
Let w(i) = 21*i + 1176. Let m be w(-44). Calculate the highest common divisor of m and 24.
12
Let s(j) = j**3 - 23*j**2 + 44*j - 34. Let d be s(21). Suppose 12 = d*r - 4. What is the greatest common divisor of 6 and r?
2
Let p = -10066 - -10120. What is the highest common divisor of 21708 and p?
54
Suppose -3 = -l - 6, 2*s = -5*l + 57. Let q = -33 + s. Let h be (-6 - (-235)/15)/(1/q). What is the highest common divisor of 203 and h?
29
Suppose 14609 - 14619 = -10*p. Let q(n) = 6*n - 4. Let y be q(3). What is the greatest common divisor of y and p?
1
Let i(g) = 615*g**2 - 134*g - 412. Let l be i(-3). What is the highest common factor of l and 65?
65
Suppose 5*s + 584 = 4264. Suppose 7*n = -s + 218. Let b = n - -79. What is the greatest common divisor of 35 and b?
5
Let s be ((-168)/840)/(2/20*-1). Let h = -3 + -3. Let u = 12 + h. What is the greatest common factor of u and s?
2
Suppose -3*r = -39 - 21. Suppose 66*c - 62*c - 104 = 0. Suppose c*h = 28*h - 10. Calculate the highest common factor of h and r.
5
Let q be 3 + (-24)/42 + (-24)/7 + 249. What is the greatest common factor of q and 806?
62
Let x(d) = d**3 - 43*d**2 - 188*d + 15. Let n be x(-4). Let q be (-6)/27 - 371/(-9). Suppose 4*i = n + q. What is the greatest common divisor of i and 7?
7
Let w = -167 + 173. Suppose -7*b + 5*c = -w*b - 16, -5*b + 56 = -c. Calculate the highest common factor of 275 and b.
11
Let c(u) = -13*u + 8. Let s be c(-1). Let m be 4 + 237/s + (-10)/35. What is the greatest common factor of m and 15?
15
Let o(c) = -3*c**3 - 53*c**2 - 26*c + 151. Let k be o(-17). What is the greatest common factor of 7665 and k?
15
Let v(z) = -z**2 - 20*z + 3. Let u be v(-20). Suppose 2*i - 46 = 4*c, 0*i + 8 = i + u*c. Calculate the highest common factor of 408 and i.
17
Suppose 4*j - 80 = -2*f - 2*f, 3*f + 4*j = 59. Let c be (1 - -2)*(22 - f). Suppose 0 = -c*y - 0*y + 57. What is the highest common factor of y and 95?
19
Let x be ((-9)/5)/((-15)/50). Let c(r) = 9*r - 33. Suppose 3*j - 2*m - 2 = j, -23 = -5*j - m. Let w be c(j). Calculate the highest common factor of x and w.
3
Let w be 969/(10/35*7 + -1). Calculate the greatest common factor of w and 102.
51
Let p(h) = h**2 + 2*h - 19. Let x be -1 + (0 - -4) - 12. Let j be p(x). What is the greatest common factor of j and 154?
22
Let q(t) = 2*t**2 + 115*t - 1932. Let f be q(15). What is the highest common factor of 153 and f?
9
Suppose -31 = 2*r - 43. Suppose -4*k + 5*v - 2 = -3, -2*v = 5*k - 26. Suppose 48 = 6*s - k*s. What is the highest common divisor of r and s?
6
Suppose -177*y = -65*y - 343392. Calculate the highest common factor of 126 and y.
42
Let z = 4264 - 4064. What is the highest common divisor of 27400 and z?
200
Let m = 14087 - 3079. What is the highest common factor of m and 258?
86
Let m = 57 - 6. Let s = -4 - -822. Suppose 823*j - s*j - 2805 = 0. Calculate the greatest common divisor of j and m.
51
Let r(v) = -v**3 - 3*v**2 - 2*v - 4. Let u be r(-3). Let c be 314/u - (2 + -1). Let n be c/8 - (6/(-4))/3. Calculate the greatest common factor of 20 and n.
20
Suppose 26*k - 5*k = 47750 + 25309. What is the highest common divisor of 343 and k?
49
Let t be 4/24*(-3)/(-2)*19028. What is the greatest common factor of 213 and t?
71
Let f be 108/15*(-2 - (-132 + -5)). Suppose -31*g = -f + 228. Calculate the highest common divisor of g and 24.
24
Suppose -l - r + 3 = -40, 2*l - 72 = 5*r. Suppose -l*p + 17*p = -1680. What is the highest common divisor of p and 490?
70
Let v(m) = -m**2 - 31*m - 24. Let r be v(-18). Let q be 1211/21 - 1/(-3). Suppose q - r = -p. Calculate the greatest common divisor of p and 38.
38
Suppose 7*m - 33*m = 0. Suppose -16 = -2*q - 4*b, m = -b - 6 + 5. What is the highest common factor of 100 and q?
10
Suppose -4*n - 2*n + 288 = 12*n. What is the highest common factor of 3868 and n?
4
Let i(w) = w + 5. Let a be i(7). Let f(r) = -160*r + 2784. Let z be f(15). Calculate the greatest common divisor of a and z.
12
Let o(u) = 75*u**2 + 128*u - 1096. Let q be o(8). What is the highest common divisor of 24 and q?
24
Suppose 6*n = -0 + 24. Suppose 4*d - 8 = 0, 0 = -4*u - n*d + 9 + 203. What is the greatest common divisor of 34 and u?
17
Let a be (226 + -136)*12/15. What is the highest common factor of 20988 and a?
36
Suppose 0 = d + 3, 81*d - 85*d + 128 = 2*y. What is the greatest common divisor of y and 406?
14
Suppose 2*r + 0*q = 4*q + 38, 0 = 3*r - 5*q - 52. Suppose 0 = -43*k + r*k + 10098. What is the highest common divisor of 27 and k?
27
Suppose 224 = 15*x - 31. Suppose -5*a = -2*c + x, a - 45 = -7*c + 3*c. Suppose c*s = 10*s + 6. Calculate the highest common factor of 66 and s.
6
Suppose -2*k + 414 - 350 = -2*n, -2*n = -2. Calculate the greatest common factor of 715 and k.
11
Let j = -3 + 138. Let w be ((-75)/(-20))/((-2)/(-8)). Calculate the greatest common divisor of w and j.
15
Let g(v) = 8*v**2 + 9. Let k be g(0). Let h be 0/(-19 - -10) + -1 + k. Calculate the highest common divisor of 4 and h.
4
Suppose 43*m - 4008 = 851 + 5074. Calculate the greatest common factor of m and 9471.
231
Let d(g) = -11*g - 60. Let z be d(-5). Let a be z/(-5)*1 + 26. What is the greatest common factor of a and 189?
27
Let p = -541 - -532. Let q be (-16)/(-12) + (-51)/p. What is the greatest common divisor of 8 and q?
1
Let d be (-7)/(-2 + -26)*(43 - -1). Suppose -d*r + 245 = -4*r. Calculate the greatest common factor of 35 and r.
35
Let b = 81 - 74. Suppose -b*p = -18*p. Let g be 22 + (-1 - 1) - p. What is the greatest common factor of g and 40?
20
Suppose -50*w + 531746 + 141654 = 0. Calculate the greatest common divisor of 37 and w.
37
Suppose -k + 858 = 4*q, k - 6*k + 1065 = 5*q. Calculate the greatest common factor of q and 731.
43
Suppose -80*f = -97*f - 1428. Let u be ((-140)/f)/(191/(-192) - -1). Calculate the greatest common divisor of u and 120.
40
Suppose 2*u = -2*b + 230, 0 = -346*u + 349*u - b - 349. Calculate the highest common factor of u and 6032.
116
Let h(j) = -2*j**3 + 56*j**2 + 21*j - 44. Let x be h(28). What is the greatest common factor of 748 and x?
68
Suppose 18 = 11*v - 15. Suppose -3*p = v*b + 17 - 53, -p - 5*b = 0. What is the greatest common factor of 6 and p?
3
Let p = 239783 - 239420. Suppose 0 = -5*f + 4*f + 33. Calculate the greatest common factor of p and f.
33
Suppose 50 = 52*a - 47*a. Suppose -4*p + 98 = a*p. Suppose 3*k = 3*h - 5 - 16, -2*h - 4*k = -14. What is the greatest common divisor of h and p?
7
Suppose 2*d - 5*a + 96 = -2*d, 20 = 5*a. Let i = d + 46. Suppose -8 = 4*w, 2*w + 30 = 4*k + 14. Calculate the greatest common divisor of i and k.
3
Let s(o) = -2*o**3 + 324*o**2 - 314*o - 301. Let k be s(161). Calculate the highest common factor of k and 14147.
329
Let o = -5641 + 5655. Calculate the greatest common factor of o and 5236.
14
Suppose -52*v + 17308 = -1100. Calculate the highest common factor of v and 236.
118
Suppose -2*d - 3*b = -325